**2 + 115*b + 535. Let m be i(-5). Calculate j(m).
-2
Let w be 3/9*-3 - (-2 - 1). Let z(t) = 1 - w*t + 1 + 12. What is z(7)?
0
Let w(m) = m + 450 + 451 - 1332 + m + 449. What is w(-13)?
-8
Let d(o) = -o**2 - 5. Let a(q) = -5*q - 78. Let v be a(-16). Suppose -5*z + 17 = -u, 4*z - 5 = -v*u + 17. Give d(z).
-21
Let l(m) = 15*m - 3. Let h be l(-3). Let b be (2/(-4))/((-2)/h). Let k be 8/b + 32/12. Let g(j) = j**2 - 3*j + 2. What is g(k)?
0
Let p(d) = -2*d**2 - 21*d + 23. Suppose 14*o - 5*x + 34 = 12*o, -o + 2*x = 16. Give p(o).
-13
Let s be (-6)/20*2 + (-19006)/215. Let m = -81 - s. Let q(y) = y. What is q(m)?
8
Let x(b) = 3*b**3 - b**2 - b - 1. Let p(g) = -10*g**3 + 12*g**2 - 3*g - 13. Let y(n) = -p(n) - 3*x(n). Give y(7).
-40
Let u be -1 - (0 - 3 - 0). Let v(c) = 6*c**2 + 2*c - u - 2 - 9*c**2 + 0. What is v(3)?
-25
Let v(m) = 4*m - 34. Suppose 4*a = -2*j + 83 - 55, 5*a + 3*j - 35 = 0. Determine v(a).
-6
Suppose -2*j + 84 = -3*p, 5*j = -p - 73 + 266. Let v = -36 + j. Let t(o) = -5 - 2*o + v*o - 2*o. Calculate t(-9).
4
Suppose -65*b - 6*b = 781. Let t(r) = 2*r + 18. What is t(b)?
-4
Let g(a) = -a**3 + 4*a - 4. Suppose 116 = 3*m + 20. Suppose 0 = 19*c - 6 - m. Give g(c).
-4
Let l be (-72)/39 + 6/39*-1. Let s(h) = -13*h + 17*h - 2*h - 7*h. Give s(l).
10
Let n(i) be the third derivative of i**7/840 - i**6/360 - i**5/60 - 23*i**4/24 + i**3/3 - 29*i**2. Let u(a) be the second derivative of n(a). Give u(2).
6
Let u(a) = -2*a**2 + 20*a - 24. Let j(w) = w**2 + w + 1. Let t(l) = -j(l) - u(l). Let z be t(20). Let m(x) = 21*x - 20*x + z + 1 - 5. Determine m(2).
1
Suppose 0 = 2*o + 6 + 2. Let i(a) = -3 + 5 - 6*a - 16*a + 23*a - 2*a. What is i(o)?
6
Let j(i) = -4 + 23*i - 9*i + 3 - 17*i. Let d be j(-2). Let g(w) = 3*w**2 - 1081 - 4*w + 1077 - 2*w**2. What is g(d)?
1
Let f(i) = 22*i**2 - 82*i - 85. Let t(d) = 3*d**2 - 11*d - 12. Let a(y) = -2*f(y) + 15*t(y). Determine a(-4).
10
Suppose 15 = 2*r + 3*d, -4*d = -r - 9*d + 18. Suppose 144 = r*c + 135. Let u(q) = 0 + 7 - 3*q - 4. Give u(c).
-6
Let z(k) = 57*k**2 + 38*k + 204. Let w(n) = 199*n**2 + 114*n + 612. Let v(x) = 2*w(x) - 7*z(x). Give v(-32).
-12
Suppose -123 + 1 - 53 = -35*u. Let r(t) = -t**2 + 6*t - 3. Let i be r(4). Let z(x) = 3*x - 5 + 0*x - i*x. Give z(u).
-15
Let o = 13 + -10. Let u(w) = -3*w**2 + 0 - 7 + 2*w**2 - 10 + 11 + 3*w. Determine u(o).
-6
Let r(n) be the third derivative of n**5/60 + n**4/6 - 23*n**3/2 + 98*n**2. Let o be r(7). Let w(f) = -f**3 + 7*f**2 + 9*f - 5. Give w(o).
3
Suppose 2*l = -l. Let t(q) be the second derivative of 0 - 34*q + 3*q**2 - 1/12*q**4 - 1/20*q**5 + 0*q**3. Determine t(l).
6
Let c(t) be the first derivative of t**4/4 + 5*t**3/3 + t**2/2 + 5*t - 2. Suppose -5*p + 10*p = -665. Let a = p - -128. What is c(a)?
0
Let i(s) = -s + 8. Suppose -12*o = 35 - 66 - 65. Calculate i(o).
0
Let z(x) = x**3 - 12*x**2 - 15*x + 1. Let d be 8/(-6)*2370/(-8 - -18). Let w = 329 + d. What is z(w)?
-25
Suppose 4*b + 55 = 31. Let q(k) be the third derivative of k**6/120 + k**5/12 - k**4/3 - 3*k**3/2 - 14*k**2 - 15*k. Determine q(b).
3
Let a(v) = -9*v - 29. Let w be a(-6). Let x(u) = -2 + 28*u + w*u - 51*u. What is x(4)?
6
Suppose -114 + 24 = -10*g. Let x = 2 + 0. Let z(k) = -3*k**3 - 4*k**x - 10*k + 6*k**2 + g*k - 1 + 2*k**3. Give z(3).
-13
Let p(v) = 7*v + 7*v**3 - 22*v + 14*v**2 + 20*v - 5*v**3 + 2 + 1. Calculate p(-7).
-32
Suppose m = 5*f - 2, -2*m - 2 = 3*f + 2. Let x(u) be the second derivative of -u**5/20 - u**3/3 - 5*u**2/2 - 2*u - 720. Give x(f).
-5
Suppose -l = l. Let i = 210 + -206. Let w(o) = 4 - 3 - 6*o**3 + 11*o**3 - i*o**3. Calculate w(l).
1
Suppose 0 = -3*u - 3*b + 9, 5*b + 3 = 3*u - 2*u. Suppose -u*t - 92 = -7*t. Let h(l) = t*l + 3 - 44*l + 20*l. Give h(-5).
8
Let i(k) = 3*k**3 - 110*k**2 + 178*k + 312. Let v(f) = -f**3 + 36*f**2 - 59*f - 103. Let d(s) = 2*i(s) + 7*v(s). Calculate d(30).
-7
Let n(a) be the first derivative of 2*a**3/3 - 13*a**2 - 37*a - 3479. Determine n(14).
-9
Let u(n) = -6*n - 8. Let o be u(-2). Let v be (-2)/o + 135/30. Let d(r) = -r**2 + 3*r + 7. Determine d(v).
3
Let a be 1 - -3 - (-4 + -2 + 1). Suppose 56 = 3*q + 4*b, 5*b = -4*q + 65 + a. Let c(k) = k**3 - 16*k**2 + 7. Determine c(q).
7
Let a(v) = -10*v**3 - 3*v**2 + 2*v + 3. Let x be a(-1). Let z(t) = -7*t - 49*t**2 + 50*t**2 - t - 5. Determine z(x).
-5
Suppose q - 4*q + 18 = 0. Suppose -2*v + q = -0. Let j(s) = -13*s**2 + s - 4 + 3*s**2 + 7*s**2 + 4*s**2. Determine j(v).
8
Let f(a) = a - 2. Let x(l) = l**3 + 23*l**2 + 44*l + 43. Let i be x(-21). Let v(q) = -4*q + 8. Let o(z) = i*v(z) + 3*f(z). Give o(11).
-9
Let g(i) = i**2 + 5*i + 4. Suppose 5*u = -3*k - 19, -5*k - 5*u - 15 = -0. Let y = k - 12. Let n(v) = v**2 + 11*v + 6. Let b be n(y). Give g(b).
0
Let z(j) be the first derivative of j**2 - 15*j - 5200. Determine z(-5).
-25
Let w(h) = h**3 - 20*h**2 + 16*h + 40. Suppose -i + 23 = -2*d, 3*i + 58*d = 60*d + 61. What is w(i)?
-17
Let u(a) = 2*a**2 + 12*a + 19. Suppose c + 23 = 29, -k - 4*c = -19. Calculate u(k).
9
Suppose -4*p + 226 = -3*a, 3*a - 107 = -4*p + 107. Let w = p + -52. Let r(u) = u**3 - 12*u - 4*u**2 - 1 + w*u**2 + 2*u**2 + 13*u. Determine r(0).
-1
Let x be -3 + 9/(-4 + 7). Let z(c) = -6*c**3 + 5*c**3 - 34 - 41 - 40 + 121. What is z(x)?
6
Let h(v) be the first derivative of -3*v**2/2 - 1148. Suppose 3 = -m + 5*m + n, -4*m + 3*n + 7 = 0. Give h(m).
-3
Suppose 0 = 5*d - 2*d + 33. Let p(f) = -f**3 + 7*f**2 + 4*f - 2. Let r(g) = -5*g**3 + 36*g**2 + 20*g - 11. Let k(o) = d*p(o) + 2*r(o). Calculate k(6).
12
Let b(p) = p**3 + 10*p**2 + 21*p + 38. Suppose -3*h + 1 = w, -3*w + 5*h + 17 = 56. Determine b(w).
-2
Let l(u) = 2*u**3 - 7*u**2 - 47*u - 15. Let v be l(7). Let b(f) = -14*f**3 - f**2 - 5*f - 3. What is b(v)?
15
Let q(l) = 3057 - 3073 - 9*l + l**3 + 2*l**2 + 4*l**2. Calculate q(-7).
-2
Suppose 4*a = -207 + 719. Let w be (-2)/5 - a/80. Let b(q) = 2*q**3 - 4*q**2 - 4*q - 3. What is b(w)?
-27
Let s(a) = 8*a**2 + 16*a. Let i(b) = 29*b**2 + 64*b + 1. Let u(r) = 4*i(r) - 15*s(r). Calculate u(7).
-80
Let o(f) be the third derivative of f**6/60 - 11*f**4/24 + f**3 - 1514*f**2. Determine o(-3).
-15
Let p(r) be the second derivative of r**6/360 + r**5/12 + 7*r**4/24 + r**3/3 - r. Let t(j) be the second derivative of p(j). Let k = 213 + -220. What is t(k)?
-14
Let l(b) be the third derivative of -b**4/12 - 8*b**3/3 - 2*b**2 - 848*b - 4. Give l(3).
-22
Let o = 21 - -61. Suppose 3*u = -2*m + 58, -2*u - 31 = -3*m + o. Let v be (63/15 + -4)*m. Let h(b) = -2*b + 8. Determine h(v).
-6
Suppose 4*n - 80 = -0*n. Let b be (-38*(-1)/4)/(10/n). Let g(v) = -b + 33 + v - 13. Determine g(5).
6
Suppose -v + 7 + 10 = -5*d, 2*v = -2*d + 22. Let u(i) = i - i**2 - 8 - v + 19 + 7*i**3. Determine u(1).
6
Let l(m) = -2 + 0 - 3 + 0 - m**2 + 7*m. Let s be l(4). Let p(z) = 4 + 7*z - s - 3. Calculate p(4).
22
Let l(w) = -580*w - 6 + w**3 + 641*w + 50*w**2 - 31*w**2 + 14. Give l(-15).
-7
Let g(h) = -19 + 14*h**2 - 12*h + 12*h**2 + 5*h**2 - 30*h**2 - 11*h. Give g(23).
-19
Let x(q) = q**3 + 6*q**2 - 10*q - 9. Let p be 72/(-24) + -1 + 5. Let v be (p - (-15)/(-21)) + 153/(-21). Give x(v).
12
Let f(l) = -l + 12. Let o(y) be the first derivative of 5*y**2/2 + 80*y - 237. Let i be o(-16). What is f(i)?
12
Let u(a) = a + 10. Let f be u(-8). Suppose 0*w - f*w - 8 = -3*o, -4*w + 4 = 4*o. Let k(p) = 6*p - 12874 - 14*p**2 - 9*p + p**2 + 2*p + 12873. Determine k(w).
-13
Suppose 5*g = 2*w + 2408, 21*g = 16*g - 3*w + 2413. Let k = 473 - g. Let j(h) = 4*h + 13. What is j(k)?
-23
Suppose 2*y + 4*k = 4*y + 4, -2*y - 3*k = 18. Let m(j) = 3958*j + 3956*j - 5 + 2*j**2 + 3960*j - 11867*j + 0*j**2. Determine m(y).
25
Let d(x) = x - 1. Let a(k) = -19*k + 8. Let s(g) = 8*g - 4. Let b(z) = -6*a(z) - 14*s(z). Let u(v) = -b(v) - d(v). What is u(-5)?
8
Let v(m) be the first derivative of m**4/4 - 7*m**3/3 + 15*m**2/2 + 9*m - 6033. What is v(4)?
21
Let y = -134 - -136. Let k be -10*((-16)/(-10) + -2). Suppose -4*d = 5*l + 20, y*l = -d - k - 4. Let f(x) = -x - 8. Determine f(d).
-8
Let g(n) = n**2 - 7*n + 5. Suppose o - 19 = 2*x, -2*o = 2*o + 5*x - 63. Let h = -7806 - -7824. Suppose -o*w = -h*w + 7. What is g(w)?
5
Let l(k) = -k**3 - 6*k**2 + 3*k + 2. Let u be ((-8 - -9)/1)/(3 - (-19)/(-6)). Determine l(u).
-16
Let x(v) = -v**3 + v**2 + 2*v - 1. Let w(f) = -